ts digit of w?
2
What is the units digit of -4 + (-150)/(-35) - (-307424)/56?
0
Suppose k = 9 - 7. What is the tens digit of k/(-6) + 8/(-3) + 111?
0
Suppose -39*i + 2940 = 3*i. What is the tens digit of i?
7
Let z(t) = t**3 - 4*t**2 - 2*t + 10. Let l be z(7). Let b be 2/6 - (-10)/(-30). Suppose -3*p + l - 17 = b. What is the tens digit of p?
4
Let r = 36 + -21. Let l be (r/(-9))/(2/6). Let a = l - -8. What is the units digit of a?
3
Let s = -24 + 18. Let z = s - -5. What is the units digit of z*(-8)/4 - -12?
4
Let d = 29 + -29. Suppose -2*s = 3*h - 0*s - 526, d = 2*h + s - 351. What is the hundreds digit of h?
1
Let z = 363 + -152. What is the units digit of z?
1
Let a be (4/(-10))/(2/10). Let x(i) = 3*i**3 + 4*i**2 + i - 2. Let u be x(a). What is the units digit of -1 - u/(2 - -2)?
2
Let s = -16727 - -7787. What is the units digit of s/(-80) + 2/8?
2
Let f = -526 - -909. What is the hundreds digit of f?
3
Let l be 2*(-2)/(6/75). Let b be 2/3 + l/3. Let s(w) = -2*w - 20. What is the tens digit of s(b)?
1
Suppose 3*o + 9*f - 14*f - 2676 = 0, 1779 = 2*o - 5*f. What is the hundreds digit of o?
8
Let j(a) be the first derivative of 19*a**3/3 - a**2 + a - 1. Let z be 11/(66/12) - (2 - 1). What is the tens digit of j(z)?
1
Suppose 4*s - 8 = -4, 3*v + 28 = 4*s. Let n(f) = -20*f**2 + 2*f + 1. Let p be n(v). What is the tens digit of p/(-77) - 4/(-22)?
1
Let b(l) = 91 - 2*l + 6*l - l - 2*l - 75. Let v be 4/(-10) + 4/10. What is the tens digit of b(v)?
1
Suppose 42*d + 8*d = 220500. What is the units digit of d?
0
Suppose 5*m = i + 19, -m + 6 = 2*i - 0*i. Let l be 4/(-8)*i*-196. Let c = l - 51. What is the units digit of c?
7
Suppose 182*x - 282 = 181*x. What is the tens digit of x?
8
Suppose -3*n - 584 = -5*a, -2*a + 466 = 2*a - 3*n. What is the hundreds digit of a?
1
Let f(r) = -4*r + 2*r**2 + 1 + 0*r**2 - 1. Let s be f(3). Let v(t) = 3*t**2 - 11*t + 3. What is the units digit of v(s)?
5
Let p be -5*7/(-35) + (-35 - 1). Let g = p - -60. What is the units digit of g?
5
Let h be (4/(-5))/(1/(-5)). Let p(l) = l**3 + l**2 - l + 1. Let y(m) = -3*m**3 - 3*m**2 + 4*m + 14. Let c(r) = h*p(r) + y(r). What is the tens digit of c(0)?
1
Let w(s) = 19*s + 200. What is the units digit of w(3)?
7
Suppose 77 = -3*c + 365. Suppose 4*l - 5*x = c + 35, -5*x + 141 = 4*l. What is the units digit of l?
4
Let d(o) = 7*o + 2. Let t be d(-2). Let z be t/(-16) - (-21)/(-12). What is the tens digit of -2 - z - (-8 + -41)?
4
Let x(o) = 3*o**2 + 6*o + 13. Let w(h) = -2*h**2 - 3*h - 6. Let j(m) = -5*w(m) - 3*x(m). Suppose -t - 12 = -5. What is the units digit of j(t)?
1
Let w(j) = j**3 + 12*j**2 - 11*j + 28. Let n be w(-13). Suppose -3*z + 133 = 2*y, -3*y + 336 = n*y + 4*z. What is the units digit of y?
8
Suppose -5*s + 8 = -7. Suppose -s*l + 2*l + 59 = 0. What is the units digit of l?
9
Let h = -212 - -2088. What is the thousands digit of h?
1
Let z = -998 + 1731. What is the tens digit of z?
3
Let q = 11627 - 7462. What is the thousands digit of q?
4
Let b be 2/4 + 2 + (-68)/(-8). Let f = 119 - b. What is the hundreds digit of f?
1
Suppose -9*d - 2 = -10*d. Suppose -5*l + d*l - 5*x = 9, -4*l - x = 29. What is the units digit of (54/(-8))/(2/l)?
7
Let r(t) = 155*t**2 - 88*t - 341. What is the hundreds digit of r(-4)?
4
Suppose j + 29 = 3*v - 26, 76 = 4*v - 4*j. Let b be 6/(-10) + v/30. Let p = b - -29. What is the tens digit of p?
2
Suppose -z - 31 = -3*f, 6*f - 68 = 2*f - 4*z. Suppose -920 = 2*j - f*j. What is the units digit of j?
2
Suppose -3*x + 3 + 3 = 0. Let r(o) = 7*o**3 - 3*o**2 + o + 2. What is the tens digit of r(x)?
4
Let m = -27 - -20. Let r = m + 11. Suppose r*i - u - 3*u - 60 = 0, 4*u - 10 = -i. What is the units digit of i?
4
Let n(z) = 3*z**2 - 4*z + 10. Let j be ((-6)/(-9))/((-1)/9). Let s be n(j). Let o = s + -94. What is the units digit of o?
8
Let f = 52 + 354. What is the units digit of f?
6
Let i be (0 - (-2)/(-2))*-6. Let z(a) = -a**3 + 9*a**2. Let n be z(9). What is the tens digit of (i + n)/((-4)/(-18))?
2
Let d(a) = a**2 + 12*a + 30. Let j be d(-9). Suppose -j*m = p + 6, 5*p + m + 0*m - 40 = 0. What is the units digit of p?
9
Let f(i) = 23*i + 20. Let l be f(-8). Let z = l + 255. What is the tens digit of z?
9
Suppose -2*o - 160 = 5*k - 1325, 0 = -5*o + 5*k + 2930. What is the units digit of o?
5
Suppose 4*t + 4*a - 60 = 0, 3*a + 31 = 4*t - 22. Suppose -3*y + 4*g = -y - 2, 2*g = -y + 5. Let q = y + t. What is the tens digit of q?
1
Let r(v) = 2*v**2 + 44*v + 32. What is the tens digit of r(-27)?
0
Let m = 2469 - 1583. What is the units digit of m?
6
Let g(n) = n**3 + 4*n**2 + 3*n + 4. Let l be g(-3). Suppose 2*d = -5*t + 18, -l*t + 8 = -0. What is the tens digit of 2/(-2)*-42 + d?
4
Let w(o) = -8*o - 8*o + 4 - o**2 + 17*o - 4*o. Let u be w(3). Let k(r) = r**3 + 15*r**2 + 9*r - 18. What is the tens digit of k(u)?
5
Suppose -5*v + 8190 = 4*m - 1010, -2*v + 5*m + 3647 = 0. What is the thousands digit of v?
1
Let p = 1 - -3. Suppose -55 = -3*j - p*n, 0 = -2*j - 3*j + 5*n + 45. What is the units digit of j?
3
Suppose -m = -5*j - 118, 2*m + 0*j - j = 272. Suppose -3*s + 3*w = -m, w - 349 + 107 = -5*s. What is the tens digit of s?
4
What is the units digit of 111*28/(-30)*(25 - 75)?
0
Suppose -807 = -3*h + 14*x - 12*x, h - 283 = -4*x. What is the hundreds digit of h?
2
Let m = -1 - -4. Let f = -13 + m. Let n = 5 - f. What is the tens digit of n?
1
Let n be -5*3*1/15. What is the tens digit of n/6 + (-820)/(-24)?
3
Let b be (-2 + 3)*-2 - -147. Suppose -10*o - b = -15*o. What is the tens digit of o?
2
Let h(i) = 2*i + 6. Let v be h(-2). Suppose 5*t = -c + 3*c + 82, 0 = 2*t + v*c - 30. Let f = t - 8. What is the units digit of f?
8
Let l be 46*(3 + -4) + 1. Let n = -30 - l. What is the units digit of n?
5
Suppose 3*t = 4*j + 553 - 47, 4*j - 684 = -4*t. Let q = 5 + t. What is the tens digit of q?
7
Suppose q - 11 = -4*l + 44, 0 = 3*l - 4*q - 46. What is the hundreds digit of 207/2 + 49/l + -4?
1
Suppose -21 = v - 8*v. Let z(w) = 2*w**3 - 3*w**2 - 3*w + 3. What is the tens digit of z(v)?
2
Suppose -12*t = -4*n - 14*t + 4046, 3*n - 3051 = 4*t. What is the hundreds digit of n?
0
Suppose 3*q + v - 4745 = 0, 38*q - 36*q + v = 3163. What is the tens digit of q?
8
Let o be (-5)/10*-2*5. Let m(y) = -y**3 + y**2 + y + 194. Let p be m(0). Suppose -o*d + p = 2*s, -d + 3*d = -5*s + 86. What is the units digit of d?
8
What is the units digit of 60*((-33)/22 - -2)?
0
Let h(l) = l**2 + 5*l - 10. Let a be h(2). Suppose 0 = -4*j - i + 828, 6*j - a*i - 640 = 3*j. What is the units digit of j?
8
Let b = -30 - -28. What is the units digit of (-163)/b + (-4)/(-8)?
2
Let x be (104/6)/((-3)/(-36)). Let b = x - 133. What is the tens digit of b?
7
Suppose -20*o = -57425 + 9865. What is the tens digit of o?
7
What is the tens digit of (10 - 0)/((3/37)/3)?
7
What is the tens digit of (-1)/2 - (-81)/2?
4
Let a(j) = -j - 563. Let t be a(0). Let i = t - -858. What is the hundreds digit of i?
2
Let h = -7 + 3. Let v = 0 - h. Suppose -41 = -2*c + 2*g + 47, -64 = -2*c - v*g. What is the tens digit of c?
4
Suppose -4*j + 188 = -40. Suppose 0 = -3*z - 2*z - 5, 0 = 2*o - z - j. What is the units digit of o?
8
Let t = -4082 - -6549. What is the thousands digit of t?
2
Suppose -16549 = 36*r - 103057. What is the tens digit of r?
0
Suppose p - 486 = -3*r, -1242 = -5*p - 2*r + 1149. What is the units digit of p?
7
Suppose -19 = 4*t + 89. Let a = -30 - t. Let f(r) = -12*r + 1. What is the units digit of f(a)?
7
Suppose -7*x + 8*x + 5*m = 394, 6*x + m = 2277. What is the hundreds digit of x?
3
Suppose 0 = 3*y - 350 - 70. Let n = y + -81. What is the tens digit of n?
5
Let a(x) = 2*x**2 - 6*x + 15. Let m be a(-9). Suppose -5*k = -2*q + m, -k = -2*q - 3*q + 543. What is the hundreds digit of q?
1
Let v be 20/6 - (-7)/(-21). Suppose -v*b = 4*h - 2*b - 253, 0 = b - 5. What is the tens digit of h?
6
Suppose -3*g + 4*d + 92 = 0, 4*d = -3*g + d + 78. What is the units digit of (-26 + g)*(2 - 0)?
4
Let d = 92 + -56. Suppose 2*g + 4*g - d = 0. What is the units digit of g?
6
Let m(g) = -2*g**3 + 2*g**2 - g + 1. Let q be m(2). Let y = q + -14. Let a = y - -68. What is the units digit of a?
5
Let q be (212/(-6))/(6/(-90)) + 1. Let m = q + -371. What is the units digit of m?
0
Let t(z) = 33*z**2 - 19*z - 40. Wha